{"id":4,"date":"2021-05-25T17:05:20","date_gmt":"2021-05-25T15:05:20","guid":{"rendered":"https:\/\/negocios.udd.cl\/beta-ceen\/?page_id=4"},"modified":"2022-01-12T19:31:04","modified_gmt":"2022-01-12T18:31:04","slug":"inicio","status":"publish","type":"page","link":"https:\/\/negocios.udd.cl\/beta-ceen\/","title":{"rendered":"Inicio"},"content":{"rendered":"<section class=\"wp-block-udd-text-row\">\n\t<div class=\"text-row\">\n\t\t<div class=\"text-row__content\">\n\t\t\t<div class=\"text-row__content-inner text\">\n\t\t\t\t\t\t\t\t<h2>Centro de Estudios en Econom\u00eda y Negocios<\/h2>\n\t\t\t\t\t\t\t\t\n<p>El Centro de Estudios en Econom\u00eda y Negocios (CEEN), de la Facultad de Econom\u00eda y Negocios de la Universidad del Desarrollo, es una organizaci\u00f3n privada sin fines de lucro, que desde 2001 realiza investigaci\u00f3n aplicada con el fin de aportar conocimiento p\u00fablico sobre aspectos importantes y poco estudiados de la coyuntura de la econom\u00eda chilena.<\/p>\n\t\t\t<\/div>\n\t\t<\/div>\n\t\t<div class=\"text-row__media\">\n\t\t\t<img loading=\"lazy\" decoding=\"async\" width=\"800\" height=\"450\" src=\"https:\/\/negocios.udd.cl\/beta-ceen\/files\/2021\/12\/foto-23-800x450-1-300x169.jpg\" class=\"text-row__media-image lazyload\" alt=\"\" sizes=\"auto, (max-width: 800px) 100vw, 800px\" data-src=\"https:\/\/negocios.udd.cl\/beta-ceen\/files\/2021\/12\/foto-23-800x450-1.jpg\" data-srcset=\"https:\/\/negocios.udd.cl\/beta-ceen\/files\/2021\/12\/foto-23-800x450-1.jpg 800w, https:\/\/negocios.udd.cl\/beta-ceen\/files\/2021\/12\/foto-23-800x450-1-300x169.jpg 300w, https:\/\/negocios.udd.cl\/beta-ceen\/files\/2021\/12\/foto-23-800x450-1-768x432.jpg 768w, https:\/\/negocios.udd.cl\/beta-ceen\/files\/2021\/12\/foto-23-800x450-1-680x382.jpg 680w\" \/>\t\t<\/div>\n\t<\/div>\n<\/section>\n\n\n<!-- WP Block: UDD - Access Image -->\n<section class=\"wp-block-udd-access-image\n has-even-elements\">\n\t<div class=\"container\">\n\t\t\t\t\t<header class=\"block__header\">\n\t\t\t\t<h2 class=\"block__title\">Navega en el sitio<\/h2>\n\t\t\t<\/header>\n\t\t\t\t<div class=\"block__content\">\n\t\t\t<div class=\"access-images\">\n\t\t\t\t\t\t\t<div class=\"access-image-wrapper\">\n\t\t\t\t\t<a href=\"https:\/\/negocios.udd.cl\/beta-ceen\/?page_id=22\" data-url=\"https:\/\/negocios.udd.cl\/beta-ceen\/?page_id=22\" class=\"access-image\">\n\t\t\t\t\t<img loading=\"lazy\" decoding=\"async\" width=\"680\" height=\"382\" src=\"https:\/\/negocios.udd.cl\/beta-ceen\/files\/2021\/12\/WhatsApp-Image-2021-11-29-at-13.54.01-680x382.jpeg\" class=\"access-image__image lazyload\" alt=\"\" sizes=\"auto, (max-width: 680px) 100vw, 680px\" data-src=\"https:\/\/negocios.udd.cl\/beta-ceen\/files\/2021\/12\/WhatsApp-Image-2021-11-29-at-13.54.01-680x382.jpeg\" data-srcset=\"https:\/\/negocios.udd.cl\/beta-ceen\/files\/2021\/12\/WhatsApp-Image-2021-11-29-at-13.54.01-680x382.jpeg 680w, https:\/\/negocios.udd.cl\/beta-ceen\/files\/2021\/12\/WhatsApp-Image-2021-11-29-at-13.54.01-952x534.jpeg 952w\" \/>\t\t\t\t\t\t<div class=\"access-image__content\">\n\t\t\t\t\t\t\t<h3 class=\"access-image__title\">SOBRE EL CEEN<\/h3>\n\t\t\t\t\t\t\t<span class=\"access-image__action\">Conocer m\u00e1s<\/span>\n\t\t\t\t\t\t<\/div>\n\t\t\t\t\t<\/a>\n\t\t\t\t<\/div>\n\t\t\t\t\t\t\t<div class=\"access-image-wrapper\">\n\t\t\t\t\t<a href=\"https:\/\/negocios.udd.cl\/beta-ceen\/estudios-y-publicaciones\/\" data-url=\"https:\/\/negocios.udd.cl\/beta-ceen\/estudios-y-publicaciones\/\" class=\"access-image\">\n\t\t\t\t\t<img loading=\"lazy\" decoding=\"async\" width=\"680\" height=\"382\" src=\"https:\/\/negocios.udd.cl\/beta-ceen\/files\/2021\/12\/pexels-karolina-grabowska-7681094-680x382.jpg\" class=\"access-image__image lazyload\" alt=\"\" sizes=\"auto, (max-width: 680px) 100vw, 680px\" data-src=\"https:\/\/negocios.udd.cl\/beta-ceen\/files\/2021\/12\/pexels-karolina-grabowska-7681094-680x382.jpg\" data-srcset=\"https:\/\/negocios.udd.cl\/beta-ceen\/files\/2021\/12\/pexels-karolina-grabowska-7681094-680x382.jpg 680w, https:\/\/negocios.udd.cl\/beta-ceen\/files\/2021\/12\/pexels-karolina-grabowska-7681094-1920x1080.jpg 1920w, https:\/\/negocios.udd.cl\/beta-ceen\/files\/2021\/12\/pexels-karolina-grabowska-7681094-1366x768.jpg 1366w, https:\/\/negocios.udd.cl\/beta-ceen\/files\/2021\/12\/pexels-karolina-grabowska-7681094-952x534.jpg 952w\" \/>\t\t\t\t\t\t<div class=\"access-image__content\">\n\t\t\t\t\t\t\t<h3 class=\"access-image__title\">ESTUDIOS Y PUBLICACIONES<\/h3>\n\t\t\t\t\t\t\t<span class=\"access-image__action\">Conocer m\u00e1s<\/span>\n\t\t\t\t\t\t<\/div>\n\t\t\t\t\t<\/a>\n\t\t\t\t<\/div>\n\t\t\t\t\t\t\t<div class=\"access-image-wrapper\">\n\t\t\t\t\t<a href=\"https:\/\/negocios.udd.cl\/equipo-ceen\/\" data-url=\"https:\/\/negocios.udd.cl\/equipo-ceen\/\" class=\"access-image\">\n\t\t\t\t\t<img loading=\"lazy\" decoding=\"async\" width=\"680\" height=\"382\" src=\"https:\/\/negocios.udd.cl\/beta-ceen\/files\/2021\/12\/foto-26-680x382.jpg\" class=\"access-image__image lazyload\" alt=\"\" sizes=\"auto, (max-width: 680px) 100vw, 680px\" data-src=\"https:\/\/negocios.udd.cl\/beta-ceen\/files\/2021\/12\/foto-26-680x382.jpg\" data-srcset=\"https:\/\/negocios.udd.cl\/beta-ceen\/files\/2021\/12\/foto-26-680x382.jpg 680w, https:\/\/negocios.udd.cl\/beta-ceen\/files\/2021\/12\/foto-26-1920x1080.jpg 1920w, https:\/\/negocios.udd.cl\/beta-ceen\/files\/2021\/12\/foto-26-1366x768.jpg 1366w, https:\/\/negocios.udd.cl\/beta-ceen\/files\/2021\/12\/foto-26-952x534.jpg 952w\" \/>\t\t\t\t\t\t<div class=\"access-image__content\">\n\t\t\t\t\t\t\t<h3 class=\"access-image__title\">EQUIPO<\/h3>\n\t\t\t\t\t\t\t<span class=\"access-image__action\">Conocer m\u00e1s<\/span>\n\t\t\t\t\t\t<\/div>\n\t\t\t\t\t<\/a>\n\t\t\t\t<\/div>\n\t\t\t\t\t\t\t<div class=\"access-image-wrapper\">\n\t\t\t\t\t<a href=\"https:\/\/negocios.udd.cl\/beta-ceen\/ceen-en-la-prensa\/\" data-url=\"https:\/\/negocios.udd.cl\/beta-ceen\/ceen-en-la-prensa\/\" class=\"access-image\">\n\t\t\t\t\t<img loading=\"lazy\" decoding=\"async\" width=\"680\" height=\"382\" src=\"https:\/\/negocios.udd.cl\/beta-ceen\/files\/2021\/12\/ice-nov-2021-680x382.jpg\" class=\"access-image__image lazyload\" alt=\"\" sizes=\"auto, (max-width: 680px) 100vw, 680px\" data-src=\"https:\/\/negocios.udd.cl\/beta-ceen\/files\/2021\/12\/ice-nov-2021-680x382.jpg\" data-srcset=\"https:\/\/negocios.udd.cl\/beta-ceen\/files\/2021\/12\/ice-nov-2021-680x382.jpg 680w, https:\/\/negocios.udd.cl\/beta-ceen\/files\/2021\/12\/ice-nov-2021-1366x768.jpg 1366w, https:\/\/negocios.udd.cl\/beta-ceen\/files\/2021\/12\/ice-nov-2021-952x534.jpg 952w\" \/>\t\t\t\t\t\t<div class=\"access-image__content\">\n\t\t\t\t\t\t\t<h3 class=\"access-image__title\">CEEN EN LA PRENSA<\/h3>\n\t\t\t\t\t\t\t<span class=\"access-image__action\">Conocer m\u00e1s<\/span>\n\t\t\t\t\t\t<\/div>\n\t\t\t\t\t<\/a>\n\t\t\t\t<\/div>\n\t\t\t\t\t<\/div>\n\t<\/div>\n<\/section>\n\n\n<!-- WP Block: UDD - Fullwidth Cards -->\n<section class=\"wp-block-udd-fullwidth-cards is-style-clear\">\n\t<div class=\"container\">\n\t\t<header class=\"block__header\">\n\t\t\t<h2 class=\"block__title\">Noticias<\/h2>\n\t\t\t\t\t\t<a href=\"https:\/\/negocios.udd.cl\/beta-ceen\/noticias\/\" class=\"block__view-more\">\n\t\t\t\tVer m\u00e1s noticias\t\t\t<\/a>\n\t\t\t\t\t<\/header>\n\t\t<div class=\"block__content\">\n\t\t\t<div class=\"fullwidth-cards\">\n\t\t\t<div class=\"fullwidth-card-wrapper is-style-clear\">\n\t<a href=\"https:\/\/negocios.udd.cl\/beta-ceen\/2022\/03\/02\/ice-enero-2022-confianza-empresarial-inicia-el-ano-con-el-pie-izquierdo-construccion-y-la-industria-los-mas-pesimistas\/\" class=\"fullwidth-card fullwidth-card--linkable\">\n\t\t\t\t<img loading=\"lazy\" decoding=\"async\" width=\"403\" height=\"261\" src=\"https:\/\/negocios.udd.cl\/beta-ceen\/files\/2021\/12\/Iconografia-Web3-62x62.jpg\" class=\"fullwidth-card__image wp-post-image lazyload\" alt=\"\" sizes=\"auto, (max-width: 403px) 100vw, 403px\" data-src=\"https:\/\/negocios.udd.cl\/beta-ceen\/files\/2021\/12\/Iconografia-Web3.jpg\" data-srcset=\"https:\/\/negocios.udd.cl\/beta-ceen\/files\/2021\/12\/Iconografia-Web3.jpg 403w, https:\/\/negocios.udd.cl\/beta-ceen\/files\/2021\/12\/Iconografia-Web3-300x194.jpg 300w\" \/>\t\t\t\t<div class=\"fullwidth-card__content\">\n\t\t\t<span class=\"fullwidth-card__date\">\n\t\t\t\t2 de marzo 2022\t\t\t<\/span>\n\t\t\t<h3 class=\"fullwidth-card__title\">ICE enero 2022: \u00abConfianza empresarial inicia el a\u00f1o con el pie izquierdo: construcci\u00f3n y la industria los m\u00e1s pesimistas\u00bb.<\/h3>\n\t\t\t<span class=\"fullwidth-card__link\">\n\t\t\t\tConocer m\u00e1s\t\t\t<\/span>\n\t\t<\/div>\n\t<\/a>\n<\/div>\n<div class=\"fullwidth-card-wrapper is-style-clear\">\n\t<a href=\"https:\/\/negocios.udd.cl\/beta-ceen\/2022\/03\/02\/ipeco-enero-2022-confianza-de-los-consumidores-sigue-al-alza-y-llega-a-su-mayor-nivel-desde-mayo-de-2018\/\" class=\"fullwidth-card fullwidth-card--linkable\">\n\t\t\t\t<img loading=\"lazy\" decoding=\"async\" width=\"340\" height=\"220\" src=\"https:\/\/negocios.udd.cl\/beta-ceen\/files\/2021\/12\/Ipeco-imagen-62x62.jpg\" class=\"fullwidth-card__image wp-post-image lazyload\" alt=\"\" sizes=\"auto, (max-width: 340px) 100vw, 340px\" data-src=\"https:\/\/negocios.udd.cl\/beta-ceen\/files\/2021\/12\/Ipeco-imagen.jpg\" data-srcset=\"https:\/\/negocios.udd.cl\/beta-ceen\/files\/2021\/12\/Ipeco-imagen.jpg 340w, https:\/\/negocios.udd.cl\/beta-ceen\/files\/2021\/12\/Ipeco-imagen-300x194.jpg 300w\" \/>\t\t\t\t<div class=\"fullwidth-card__content\">\n\t\t\t<span class=\"fullwidth-card__date\">\n\t\t\t\t2 de marzo 2022\t\t\t<\/span>\n\t\t\t<h3 class=\"fullwidth-card__title\">Ipeco enero 2022: Confianza de los consumidores sigue al alza y llega a su mayor nivel desde mayo de 2018<\/h3>\n\t\t\t<span class=\"fullwidth-card__link\">\n\t\t\t\tConocer m\u00e1s\t\t\t<\/span>\n\t\t<\/div>\n\t<\/a>\n<\/div>\n<div class=\"fullwidth-card-wrapper is-style-clear\">\n\t<a href=\"https:\/\/negocios.udd.cl\/beta-ceen\/2022\/01\/12\/ipeco-diciembre-2021-la-confianza-de-los-consumidores-chilenos-salta-a-su-mayor-nivel-en-mas-de-tres-anos\/\" class=\"fullwidth-card fullwidth-card--linkable\">\n\t\t\t\t<img loading=\"lazy\" decoding=\"async\" width=\"340\" height=\"220\" src=\"https:\/\/negocios.udd.cl\/beta-ceen\/files\/2021\/12\/Ipeco-imagen-62x62.jpg\" class=\"fullwidth-card__image wp-post-image lazyload\" alt=\"\" sizes=\"auto, (max-width: 340px) 100vw, 340px\" data-src=\"https:\/\/negocios.udd.cl\/beta-ceen\/files\/2021\/12\/Ipeco-imagen.jpg\" data-srcset=\"https:\/\/negocios.udd.cl\/beta-ceen\/files\/2021\/12\/Ipeco-imagen.jpg 340w, https:\/\/negocios.udd.cl\/beta-ceen\/files\/2021\/12\/Ipeco-imagen-300x194.jpg 300w\" \/>\t\t\t\t<div class=\"fullwidth-card__content\">\n\t\t\t<span class=\"fullwidth-card__date\">\n\t\t\t\t12 de enero 2022\t\t\t<\/span>\n\t\t\t<h3 class=\"fullwidth-card__title\">IPECO diciembre 2021: La confianza de los consumidores chilenos salta a su mayor nivel en m\u00e1s de tres a\u00f1os<\/h3>\n\t\t\t<span class=\"fullwidth-card__link\">\n\t\t\t\tConocer m\u00e1s\t\t\t<\/span>\n\t\t<\/div>\n\t<\/a>\n<\/div>\n<div class=\"fullwidth-card-wrapper is-style-clear\">\n\t<a href=\"https:\/\/negocios.udd.cl\/beta-ceen\/2022\/01\/03\/ice-diciembre-2021-dispar-animo-empresarial-al-partir-el-ano-mundo-financiero-y-comercio-en-azul-y-construccion-se-tine-de-rojo\/\" class=\"fullwidth-card fullwidth-card--linkable\">\n\t\t\t\t<img loading=\"lazy\" decoding=\"async\" width=\"403\" height=\"261\" src=\"https:\/\/negocios.udd.cl\/beta-ceen\/files\/2021\/12\/Iconografia-Web3-62x62.jpg\" class=\"fullwidth-card__image wp-post-image lazyload\" alt=\"\" sizes=\"auto, (max-width: 403px) 100vw, 403px\" data-src=\"https:\/\/negocios.udd.cl\/beta-ceen\/files\/2021\/12\/Iconografia-Web3.jpg\" data-srcset=\"https:\/\/negocios.udd.cl\/beta-ceen\/files\/2021\/12\/Iconografia-Web3.jpg 403w, https:\/\/negocios.udd.cl\/beta-ceen\/files\/2021\/12\/Iconografia-Web3-300x194.jpg 300w\" \/>\t\t\t\t<div class=\"fullwidth-card__content\">\n\t\t\t<span class=\"fullwidth-card__date\">\n\t\t\t\t3 de enero 2022\t\t\t<\/span>\n\t\t\t<h3 class=\"fullwidth-card__title\">ICE diciembre 2021: \u00abDispar \u00e1nimo empresarial al partir el a\u00f1o: mundo financiero y comercio en azul y construcci\u00f3n se ti\u00f1e de rojo\u00bb<\/h3>\n\t\t\t<span class=\"fullwidth-card__link\">\n\t\t\t\tConocer m\u00e1s\t\t\t<\/span>\n\t\t<\/div>\n\t<\/a>\n<\/div>\n<div class=\"fullwidth-card-wrapper is-style-clear\">\n\t<a href=\"https:\/\/negocios.udd.cl\/beta-ceen\/2021\/12\/22\/ipc-por-grupos-de-ingreso-la-inflacion-de-noviembre-fue-mayor-para-los-hogares-de-ingresos-mas-altos\/\" class=\"fullwidth-card fullwidth-card--linkable\">\n\t\t\t\t<img loading=\"lazy\" decoding=\"async\" width=\"500\" height=\"500\" src=\"https:\/\/negocios.udd.cl\/beta-ceen\/files\/2021\/12\/Iconografia-Web-IPC-3-01-62x62.jpg\" class=\"fullwidth-card__image wp-post-image lazyload\" alt=\"\" sizes=\"auto, (max-width: 500px) 100vw, 500px\" data-src=\"https:\/\/negocios.udd.cl\/beta-ceen\/files\/2021\/12\/Iconografia-Web-IPC-3-01-500x500.jpg\" data-srcset=\"https:\/\/negocios.udd.cl\/beta-ceen\/files\/2021\/12\/Iconografia-Web-IPC-3-01-500x500.jpg 500w, https:\/\/negocios.udd.cl\/beta-ceen\/files\/2021\/12\/Iconografia-Web-IPC-3-01-150x150.jpg 150w, https:\/\/negocios.udd.cl\/beta-ceen\/files\/2021\/12\/Iconografia-Web-IPC-3-01-62x62.jpg 62w, https:\/\/negocios.udd.cl\/beta-ceen\/files\/2021\/12\/Iconografia-Web-IPC-3-01-250x250.jpg 250w, https:\/\/negocios.udd.cl\/beta-ceen\/files\/2021\/12\/Iconografia-Web-IPC-3-01-126x126.jpg 126w\" \/>\t\t\t\t<div class=\"fullwidth-card__content\">\n\t\t\t<span class=\"fullwidth-card__date\">\n\t\t\t\t22 de diciembre 2021\t\t\t<\/span>\n\t\t\t<h3 class=\"fullwidth-card__title\">IPC por grupos de ingreso: La inflaci\u00f3n de noviembre fue mayor para los hogares de ingresos m\u00e1s altos<\/h3>\n\t\t\t<span class=\"fullwidth-card__link\">\n\t\t\t\tConocer m\u00e1s\t\t\t<\/span>\n\t\t<\/div>\n\t<\/a>\n<\/div>\n\t\t\t<\/div>\n\t\t<\/div>\n\t<\/div>\n<\/section>\n\n\n<section class=\"wp-block-udd-videos-row is-style-default\">\n\t<div class=\"videos-row container\">\n\t\t\t\t<header class=\"block__header\">\n\t\t\t\t\t\t<h2 class=\"block__title\">\n\t\t\t\tVIDEOS\t\t\t<\/h2>\n\t\t\t\t\t\t\t\t<\/header>\n\t\t\t\t\t\t<div class=\"row videos-row__videos\">\n\t\t\t<article class=\"udd-video\">\n\t<a href=\"https:\/\/youtu.be\/MbuYWMz1pAE\" class=\"js-udd-video-modal udd-video__link\" data-video-id=\"MbuYWMz1pAE\">\n\t\t<span class=\"udd-video__label\"><svg class=\"svg-video-dims\"><use xlink:href='https:\/\/negocios.udd.cl\/beta-ceen\/wp-content\/themes\/facultades-2018\/assets\/img\/svg\/dist\/main.svg?version=1695853099#video'><\/use><\/svg> Ver video<\/span>\n\t\t<h3 class=\"udd-video__title\">\n\t\t\tCrist\u00edan Echeverr\u00eda | T13\t\t<\/h3>\n\t\t<span class=\"udd-video__image-container\"><img loading=\"lazy\" decoding=\"async\" width=\"680\" height=\"382\" src=\"https:\/\/negocios.udd.cl\/beta-ceen\/files\/2021\/12\/CECHEVERR\u00cdA-2-680x382.jpg\" class=\"udd-video__image lazyload\" alt=\"Previsualizaci\u00f3n de &#039;Crist\u00edan Echeverr\u00eda | T13&#039;\" sizes=\"auto, (max-width: 680px) 100vw, 680px\" data-src=\"https:\/\/negocios.udd.cl\/beta-ceen\/files\/2021\/12\/CECHEVERR\u00cdA-2-680x382.jpg\" data-srcset=\"https:\/\/negocios.udd.cl\/beta-ceen\/files\/2021\/12\/CECHEVERR\u00cdA-2-680x382.jpg 680w, https:\/\/negocios.udd.cl\/beta-ceen\/files\/2021\/12\/CECHEVERR\u00cdA-2-952x534.jpg 952w\" \/><\/span>\t<\/a>\n<\/article>\n<article class=\"udd-video\">\n\t<a href=\"https:\/\/youtu.be\/VHthAnvt_eQ\" class=\"js-udd-video-modal udd-video__link\" data-video-id=\"VHthAnvt_eQ\">\n\t\t<span class=\"udd-video__label\"><svg class=\"svg-video-dims\"><use xlink:href='https:\/\/negocios.udd.cl\/beta-ceen\/wp-content\/themes\/facultades-2018\/assets\/img\/svg\/dist\/main.svg?version=1695853099#video'><\/use><\/svg> Ver video<\/span>\n\t\t<h3 class=\"udd-video__title\">\n\t\t\tCarlos Smith | \u00abPregunta al Experto\u00bb | DF\t\t<\/h3>\n\t\t<span class=\"udd-video__image-container\"><img loading=\"lazy\" decoding=\"async\" width=\"680\" height=\"382\" src=\"https:\/\/negocios.udd.cl\/beta-ceen\/files\/2021\/12\/FHOgeUqWQAcad7H-680x382.png\" class=\"udd-video__image lazyload\" alt=\"Previsualizaci\u00f3n de &#039;Carlos Smith | &quot;Pregunta al Experto&quot; | DF&#039;\" data-src=\"https:\/\/negocios.udd.cl\/beta-ceen\/files\/2021\/12\/FHOgeUqWQAcad7H-680x382.png\" \/><\/span>\t<\/a>\n<\/article>\n<article class=\"udd-video\">\n\t<a href=\"https:\/\/youtu.be\/3AUNwyosYEw\" class=\"js-udd-video-modal udd-video__link\" data-video-id=\"3AUNwyosYEw\">\n\t\t<span class=\"udd-video__label\"><svg class=\"svg-video-dims\"><use xlink:href='https:\/\/negocios.udd.cl\/beta-ceen\/wp-content\/themes\/facultades-2018\/assets\/img\/svg\/dist\/main.svg?version=1695853099#video'><\/use><\/svg> Ver video<\/span>\n\t\t<h3 class=\"udd-video__title\">\n\t\t\tCarlos Smith | Ahora DF\t\t<\/h3>\n\t\t<span class=\"udd-video__image-container\"><img loading=\"lazy\" decoding=\"async\" width=\"679\" height=\"382\" src=\"https:\/\/negocios.udd.cl\/beta-ceen\/files\/2022\/01\/FIg-373XMAgOEek-679x382.jpg\" class=\"udd-video__image lazyload\" alt=\"Previsualizaci\u00f3n de &#039;Carlos Smith | Ahora DF&#039;\" data-src=\"https:\/\/negocios.udd.cl\/beta-ceen\/files\/2022\/01\/FIg-373XMAgOEek-679x382.jpg\" \/><\/span>\t<\/a>\n<\/article>\n\t\t<\/div>\n\t\t\t<\/div>\n<\/section>\n","protected":false},"excerpt":{"rendered":"","protected":false},"author":9192218,"featured_media":0,"parent":0,"menu_order":0,"comment_status":"closed","ping_status":"closed","template":"","meta":{"footnotes":""},"class_list":["post-4","page","type-page","status-publish","hentry"],"yoast_head":"<!-- This site is optimized with the Yoast SEO plugin v26.9 - https:\/\/yoast.com\/product\/yoast-seo-wordpress\/ -->\n<title>Inicio - Centro de Estudios en Econom\u00eda y Negocios (CEEN)<\/title>\n<meta name=\"robots\" content=\"index, follow, max-snippet:-1, max-image-preview:large, max-video-preview:-1\" \/>\n<link rel=\"canonical\" href=\"https:\/\/negocios.udd.cl\/beta-ceen\/\" \/>\n<meta property=\"og:locale\" content=\"es_ES\" \/>\n<meta property=\"og:type\" content=\"article\" \/>\n<meta property=\"og:title\" content=\"Inicio - Centro de Estudios en Econom\u00eda y Negocios (CEEN)\" \/>\n<meta property=\"og:url\" content=\"https:\/\/negocios.udd.cl\/beta-ceen\/\" \/>\n<meta property=\"og:site_name\" content=\"Centro de Estudios en Econom\u00eda y Negocios (CEEN)\" \/>\n<meta property=\"article:modified_time\" content=\"2022-01-12T18:31:04+00:00\" \/>\n<meta property=\"og:image\" content=\"https:\/\/negocios.udd.cl\/beta-ceen\/files\/2021\/12\/foto-23-800x450-1.jpg\" \/>\n<meta name=\"twitter:card\" content=\"summary_large_image\" \/>\n<script type=\"application\/ld+json\" class=\"yoast-schema-graph\">{\"@context\":\"https:\/\/schema.org\",\"@graph\":[{\"@type\":\"WebPage\",\"@id\":\"https:\/\/negocios.udd.cl\/beta-ceen\/\",\"url\":\"https:\/\/negocios.udd.cl\/beta-ceen\/\",\"name\":\"Inicio - Centro de Estudios en Econom\u00eda y Negocios (CEEN)\",\"isPartOf\":{\"@id\":\"https:\/\/negocios.udd.cl\/beta-ceen\/#website\"},\"primaryImageOfPage\":{\"@id\":\"https:\/\/negocios.udd.cl\/beta-ceen\/#primaryimage\"},\"image\":{\"@id\":\"https:\/\/negocios.udd.cl\/beta-ceen\/#primaryimage\"},\"thumbnailUrl\":\"https:\/\/negocios.udd.cl\/beta-ceen\/files\/2021\/12\/foto-23-800x450-1.jpg\",\"datePublished\":\"2021-05-25T15:05:20+00:00\",\"dateModified\":\"2022-01-12T18:31:04+00:00\",\"breadcrumb\":{\"@id\":\"https:\/\/negocios.udd.cl\/beta-ceen\/#breadcrumb\"},\"inLanguage\":\"es\",\"potentialAction\":[{\"@type\":\"ReadAction\",\"target\":[\"https:\/\/negocios.udd.cl\/beta-ceen\/\"]}]},{\"@type\":\"ImageObject\",\"inLanguage\":\"es\",\"@id\":\"https:\/\/negocios.udd.cl\/beta-ceen\/#primaryimage\",\"url\":\"https:\/\/negocios.udd.cl\/beta-ceen\/files\/2021\/12\/foto-23-800x450-1.jpg\",\"contentUrl\":\"https:\/\/negocios.udd.cl\/beta-ceen\/files\/2021\/12\/foto-23-800x450-1.jpg\",\"width\":800,\"height\":450,\"caption\":\"????????????????????????????????????\"},{\"@type\":\"BreadcrumbList\",\"@id\":\"https:\/\/negocios.udd.cl\/beta-ceen\/#breadcrumb\",\"itemListElement\":[{\"@type\":\"ListItem\",\"position\":1,\"name\":\"Portada\",\"item\":\"https:\/\/negocios.udd.cl\/beta-ceen\/\"},{\"@type\":\"ListItem\",\"position\":2,\"name\":\"Inicio\"}]},{\"@type\":\"WebSite\",\"@id\":\"https:\/\/negocios.udd.cl\/beta-ceen\/#website\",\"url\":\"https:\/\/negocios.udd.cl\/beta-ceen\/\",\"name\":\"Centro de Estudios en Econom\u00eda y Negocios (CEEN)\",\"description\":\"Facultad de Econom\u00eda y Negocios\",\"inLanguage\":\"es\"}]}<\/script>\n<!-- \/ Yoast SEO plugin. -->","yoast_head_json":{"title":"Inicio - Centro de Estudios en Econom\u00eda y Negocios (CEEN)","robots":{"index":"index","follow":"follow","max-snippet":"max-snippet:-1","max-image-preview":"max-image-preview:large","max-video-preview":"max-video-preview:-1"},"canonical":"https:\/\/negocios.udd.cl\/beta-ceen\/","og_locale":"es_ES","og_type":"article","og_title":"Inicio - Centro de Estudios en Econom\u00eda y Negocios (CEEN)","og_url":"https:\/\/negocios.udd.cl\/beta-ceen\/","og_site_name":"Centro de Estudios en Econom\u00eda y Negocios (CEEN)","article_modified_time":"2022-01-12T18:31:04+00:00","og_image":[{"url":"https:\/\/negocios.udd.cl\/beta-ceen\/files\/2021\/12\/foto-23-800x450-1.jpg","type":"","width":"","height":""}],"twitter_card":"summary_large_image","schema":{"@context":"https:\/\/schema.org","@graph":[{"@type":"WebPage","@id":"https:\/\/negocios.udd.cl\/beta-ceen\/","url":"https:\/\/negocios.udd.cl\/beta-ceen\/","name":"Inicio - Centro de Estudios en Econom\u00eda y Negocios (CEEN)","isPartOf":{"@id":"https:\/\/negocios.udd.cl\/beta-ceen\/#website"},"primaryImageOfPage":{"@id":"https:\/\/negocios.udd.cl\/beta-ceen\/#primaryimage"},"image":{"@id":"https:\/\/negocios.udd.cl\/beta-ceen\/#primaryimage"},"thumbnailUrl":"https:\/\/negocios.udd.cl\/beta-ceen\/files\/2021\/12\/foto-23-800x450-1.jpg","datePublished":"2021-05-25T15:05:20+00:00","dateModified":"2022-01-12T18:31:04+00:00","breadcrumb":{"@id":"https:\/\/negocios.udd.cl\/beta-ceen\/#breadcrumb"},"inLanguage":"es","potentialAction":[{"@type":"ReadAction","target":["https:\/\/negocios.udd.cl\/beta-ceen\/"]}]},{"@type":"ImageObject","inLanguage":"es","@id":"https:\/\/negocios.udd.cl\/beta-ceen\/#primaryimage","url":"https:\/\/negocios.udd.cl\/beta-ceen\/files\/2021\/12\/foto-23-800x450-1.jpg","contentUrl":"https:\/\/negocios.udd.cl\/beta-ceen\/files\/2021\/12\/foto-23-800x450-1.jpg","width":800,"height":450,"caption":"????????????????????????????????????"},{"@type":"BreadcrumbList","@id":"https:\/\/negocios.udd.cl\/beta-ceen\/#breadcrumb","itemListElement":[{"@type":"ListItem","position":1,"name":"Portada","item":"https:\/\/negocios.udd.cl\/beta-ceen\/"},{"@type":"ListItem","position":2,"name":"Inicio"}]},{"@type":"WebSite","@id":"https:\/\/negocios.udd.cl\/beta-ceen\/#website","url":"https:\/\/negocios.udd.cl\/beta-ceen\/","name":"Centro de Estudios en Econom\u00eda y Negocios (CEEN)","description":"Facultad de Econom\u00eda y Negocios","inLanguage":"es"}]}},"_links":{"self":[{"href":"https:\/\/negocios.udd.cl\/beta-ceen\/wp-json\/wp\/v2\/pages\/4","targetHints":{"allow":["GET"]}}],"collection":[{"href":"https:\/\/negocios.udd.cl\/beta-ceen\/wp-json\/wp\/v2\/pages"}],"about":[{"href":"https:\/\/negocios.udd.cl\/beta-ceen\/wp-json\/wp\/v2\/types\/page"}],"author":[{"embeddable":true,"href":"https:\/\/negocios.udd.cl\/beta-ceen\/wp-json\/wp\/v2\/users\/9192218"}],"replies":[{"embeddable":true,"href":"https:\/\/negocios.udd.cl\/beta-ceen\/wp-json\/wp\/v2\/comments?post=4"}],"version-history":[{"count":28,"href":"https:\/\/negocios.udd.cl\/beta-ceen\/wp-json\/wp\/v2\/pages\/4\/revisions"}],"predecessor-version":[{"id":4192,"href":"https:\/\/negocios.udd.cl\/beta-ceen\/wp-json\/wp\/v2\/pages\/4\/revisions\/4192"}],"wp:attachment":[{"href":"https:\/\/negocios.udd.cl\/beta-ceen\/wp-json\/wp\/v2\/media?parent=4"}],"curies":[{"name":"wp","href":"https:\/\/api.w.org\/{rel}","templated":true}]}}