{"id":43947,"date":"2024-01-18T13:25:39","date_gmt":"2024-01-18T16:25:39","guid":{"rendered":"https:\/\/negocios.udd.cl\/cies\/?post_type=person&#038;p=43947"},"modified":"2024-01-18T13:33:06","modified_gmt":"2024-01-18T16:33:06","slug":"carlos-smith-c","status":"publish","type":"person","link":"https:\/\/negocios.udd.cl\/cies\/persona\/carlos-smith-c\/","title":{"rendered":"Carlos Smith C."},"content":{"rendered":"","protected":false},"author":29,"featured_media":43956,"template":"","people_tax":[],"class_list":["post-43947","person","type-person","status-publish","has-post-thumbnail","hentry"],"yoast_head":"<!-- This site is optimized with the Yoast SEO plugin v26.9 - https:\/\/yoast.com\/product\/yoast-seo-wordpress\/ -->\n<title>Carlos Smith C. - CIES FEN UDD<\/title>\n<meta name=\"robots\" content=\"index, follow, max-snippet:-1, max-image-preview:large, max-video-preview:-1\" \/>\n<link rel=\"canonical\" href=\"https:\/\/negocios.udd.cl\/cies\/persona\/carlos-smith-c\/\" \/>\n<meta property=\"og:locale\" content=\"es_ES\" \/>\n<meta property=\"og:type\" content=\"article\" \/>\n<meta property=\"og:title\" content=\"Carlos Smith C. - CIES FEN UDD\" \/>\n<meta property=\"og:url\" content=\"https:\/\/negocios.udd.cl\/cies\/persona\/carlos-smith-c\/\" \/>\n<meta property=\"og:site_name\" content=\"CIES FEN UDD\" \/>\n<meta property=\"article:modified_time\" content=\"2024-01-18T16:33:06+00:00\" \/>\n<meta property=\"og:image\" content=\"https:\/\/negocios.udd.cl\/cies\/files\/2024\/01\/dsc1511-scaled.jpg\" \/>\n\t<meta property=\"og:image:width\" content=\"1707\" \/>\n\t<meta property=\"og:image:height\" content=\"2560\" \/>\n\t<meta property=\"og:image:type\" content=\"image\/jpeg\" \/>\n<meta name=\"twitter:card\" content=\"summary_large_image\" \/>\n<script type=\"application\/ld+json\" class=\"yoast-schema-graph\">{\"@context\":\"https:\/\/schema.org\",\"@graph\":[{\"@type\":\"WebPage\",\"@id\":\"https:\/\/negocios.udd.cl\/cies\/persona\/carlos-smith-c\/\",\"url\":\"https:\/\/negocios.udd.cl\/cies\/persona\/carlos-smith-c\/\",\"name\":\"Carlos Smith C. - CIES FEN UDD\",\"isPartOf\":{\"@id\":\"https:\/\/negocios.udd.cl\/cies\/#website\"},\"primaryImageOfPage\":{\"@id\":\"https:\/\/negocios.udd.cl\/cies\/persona\/carlos-smith-c\/#primaryimage\"},\"image\":{\"@id\":\"https:\/\/negocios.udd.cl\/cies\/persona\/carlos-smith-c\/#primaryimage\"},\"thumbnailUrl\":\"https:\/\/negocios.udd.cl\/cies\/files\/2024\/01\/dsc1511-scaled.jpg\",\"datePublished\":\"2024-01-18T16:25:39+00:00\",\"dateModified\":\"2024-01-18T16:33:06+00:00\",\"breadcrumb\":{\"@id\":\"https:\/\/negocios.udd.cl\/cies\/persona\/carlos-smith-c\/#breadcrumb\"},\"inLanguage\":\"es\",\"potentialAction\":[{\"@type\":\"ReadAction\",\"target\":[\"https:\/\/negocios.udd.cl\/cies\/persona\/carlos-smith-c\/\"]}]},{\"@type\":\"ImageObject\",\"inLanguage\":\"es\",\"@id\":\"https:\/\/negocios.udd.cl\/cies\/persona\/carlos-smith-c\/#primaryimage\",\"url\":\"https:\/\/negocios.udd.cl\/cies\/files\/2024\/01\/dsc1511-scaled.jpg\",\"contentUrl\":\"https:\/\/negocios.udd.cl\/cies\/files\/2024\/01\/dsc1511-scaled.jpg\",\"width\":1707,\"height\":2560},{\"@type\":\"BreadcrumbList\",\"@id\":\"https:\/\/negocios.udd.cl\/cies\/persona\/carlos-smith-c\/#breadcrumb\",\"itemListElement\":[{\"@type\":\"ListItem\",\"position\":1,\"name\":\"Portada\",\"item\":\"https:\/\/negocios.udd.cl\/cies\/\"},{\"@type\":\"ListItem\",\"position\":2,\"name\":\"Personas\",\"item\":\"https:\/\/negocios.udd.cl\/cies\/persona\/\"},{\"@type\":\"ListItem\",\"position\":3,\"name\":\"Carlos Smith C.\"}]},{\"@type\":\"WebSite\",\"@id\":\"https:\/\/negocios.udd.cl\/cies\/#website\",\"url\":\"https:\/\/negocios.udd.cl\/cies\/\",\"name\":\"CIES FEN UDD\",\"description\":\"Otro sitio m\u00e1s de Economia\",\"inLanguage\":\"es\"}]}<\/script>\n<!-- \/ Yoast SEO plugin. -->","yoast_head_json":{"title":"Carlos Smith C. - CIES FEN UDD","robots":{"index":"index","follow":"follow","max-snippet":"max-snippet:-1","max-image-preview":"max-image-preview:large","max-video-preview":"max-video-preview:-1"},"canonical":"https:\/\/negocios.udd.cl\/cies\/persona\/carlos-smith-c\/","og_locale":"es_ES","og_type":"article","og_title":"Carlos Smith C. - CIES FEN UDD","og_url":"https:\/\/negocios.udd.cl\/cies\/persona\/carlos-smith-c\/","og_site_name":"CIES FEN UDD","article_modified_time":"2024-01-18T16:33:06+00:00","og_image":[{"width":1707,"height":2560,"url":"https:\/\/negocios.udd.cl\/cies\/files\/2024\/01\/dsc1511-scaled.jpg","type":"image\/jpeg"}],"twitter_card":"summary_large_image","schema":{"@context":"https:\/\/schema.org","@graph":[{"@type":"WebPage","@id":"https:\/\/negocios.udd.cl\/cies\/persona\/carlos-smith-c\/","url":"https:\/\/negocios.udd.cl\/cies\/persona\/carlos-smith-c\/","name":"Carlos Smith C. - CIES FEN UDD","isPartOf":{"@id":"https:\/\/negocios.udd.cl\/cies\/#website"},"primaryImageOfPage":{"@id":"https:\/\/negocios.udd.cl\/cies\/persona\/carlos-smith-c\/#primaryimage"},"image":{"@id":"https:\/\/negocios.udd.cl\/cies\/persona\/carlos-smith-c\/#primaryimage"},"thumbnailUrl":"https:\/\/negocios.udd.cl\/cies\/files\/2024\/01\/dsc1511-scaled.jpg","datePublished":"2024-01-18T16:25:39+00:00","dateModified":"2024-01-18T16:33:06+00:00","breadcrumb":{"@id":"https:\/\/negocios.udd.cl\/cies\/persona\/carlos-smith-c\/#breadcrumb"},"inLanguage":"es","potentialAction":[{"@type":"ReadAction","target":["https:\/\/negocios.udd.cl\/cies\/persona\/carlos-smith-c\/"]}]},{"@type":"ImageObject","inLanguage":"es","@id":"https:\/\/negocios.udd.cl\/cies\/persona\/carlos-smith-c\/#primaryimage","url":"https:\/\/negocios.udd.cl\/cies\/files\/2024\/01\/dsc1511-scaled.jpg","contentUrl":"https:\/\/negocios.udd.cl\/cies\/files\/2024\/01\/dsc1511-scaled.jpg","width":1707,"height":2560},{"@type":"BreadcrumbList","@id":"https:\/\/negocios.udd.cl\/cies\/persona\/carlos-smith-c\/#breadcrumb","itemListElement":[{"@type":"ListItem","position":1,"name":"Portada","item":"https:\/\/negocios.udd.cl\/cies\/"},{"@type":"ListItem","position":2,"name":"Personas","item":"https:\/\/negocios.udd.cl\/cies\/persona\/"},{"@type":"ListItem","position":3,"name":"Carlos Smith C."}]},{"@type":"WebSite","@id":"https:\/\/negocios.udd.cl\/cies\/#website","url":"https:\/\/negocios.udd.cl\/cies\/","name":"CIES FEN UDD","description":"Otro sitio m\u00e1s de Economia","inLanguage":"es"}]}},"email":"","tel_job":"","role":"Profesor e investigador FEN UDD | Mag\u00edster en Econom\u00eda Aplicada a Pol\u00edticas P\u00fablicas, Universidad Alberto Hurtado","modal":"<div class=\"person-modal person-modal--scl\">\n<header class=\"person-modal__header\">\n<div class=\"person-modal__bg\"><\/div>\n<div class=\"modal-container\">\n<div class=\"person-modal__media\">\n\t\t\t\t<img decoding=\"async\" width=\"500\" height=\"500\" src=\"https:\/\/negocios.udd.cl\/cies\/files\/2024\/01\/dsc1511-62x62.jpg\" class=\"person-modal__image wp-post-image lazyload\" alt=\"\" loading=\"lazy\" data-src=\"https:\/\/negocios.udd.cl\/cies\/files\/2024\/01\/dsc1511-500x500.jpg\" data-srcset=\"https:\/\/negocios.udd.cl\/cies\/files\/2024\/01\/dsc1511-500x500.jpg 500w, https:\/\/negocios.udd.cl\/cies\/files\/2024\/01\/dsc1511-150x150.jpg 150w, https:\/\/negocios.udd.cl\/cies\/files\/2024\/01\/dsc1511-62x62.jpg 62w, https:\/\/negocios.udd.cl\/cies\/files\/2024\/01\/dsc1511-750x750.jpg 750w, https:\/\/negocios.udd.cl\/cies\/files\/2024\/01\/dsc1511-250x250.jpg 250w, https:\/\/negocios.udd.cl\/cies\/files\/2024\/01\/dsc1511-126x126.jpg 126w\" \/>\t\t\t<\/div>\n<div class=\"person-modal__data\">\n<h1 class=\"person-modal__name\">Carlos Smith C.<\/h1>\n<p>\t\t\t\t\t\t\t<span class=\"person-modal__description\">Profesor e investigador FEN UDD | Mag\u00edster en Econom\u00eda Aplicada a Pol\u00edticas P\u00fablicas, Universidad Alberto Hurtado<\/span>\n\t\t\t\t\t\t\t\t\t\t\t\t\t\t\t<\/div>\n<\/p><\/div>\n<\/header>\n<div class=\"modal-container\">\n<div class=\"person-modal__content text\">\n<ul>\n<li>Mag\u00edster en Econom\u00eda Aplicada a Pol\u00edticas P\u00fablicas, Universidad Alberto Hurtado, Chile<\/li>\n<li>Ingeniero Comercial, Universidad del Desarrollo, Chile<\/li>\n<\/ul><\/div>\n<\/p><\/div>\n<\/div>\n","_links":{"self":[{"href":"https:\/\/negocios.udd.cl\/cies\/wp-json\/wp\/v2\/people\/43947","targetHints":{"allow":["GET"]}}],"collection":[{"href":"https:\/\/negocios.udd.cl\/cies\/wp-json\/wp\/v2\/people"}],"about":[{"href":"https:\/\/negocios.udd.cl\/cies\/wp-json\/wp\/v2\/types\/person"}],"author":[{"embeddable":true,"href":"https:\/\/negocios.udd.cl\/cies\/wp-json\/wp\/v2\/users\/29"}],"version-history":[{"count":1,"href":"https:\/\/negocios.udd.cl\/cies\/wp-json\/wp\/v2\/people\/43947\/revisions"}],"predecessor-version":[{"id":43950,"href":"https:\/\/negocios.udd.cl\/cies\/wp-json\/wp\/v2\/people\/43947\/revisions\/43950"}],"wp:featuredmedia":[{"embeddable":true,"href":"https:\/\/negocios.udd.cl\/cies\/wp-json\/wp\/v2\/media\/43956"}],"wp:attachment":[{"href":"https:\/\/negocios.udd.cl\/cies\/wp-json\/wp\/v2\/media?parent=43947"}],"wp:term":[{"taxonomy":"people_tax","embeddable":true,"href":"https:\/\/negocios.udd.cl\/cies\/wp-json\/wp\/v2\/people_tax?post=43947"}],"curies":[{"name":"wp","href":"https:\/\/api.w.org\/{rel}","templated":true}]}}

<!-- This site is optimized with the Yoast SEO plugin v26.9 - https://yoast.com/product/yoast-seo-wordpress/ -->
<title>Carlos Smith C. - CIES FEN UDD</title>
<meta name="robots" content="index, follow, max-snippet:-1, max-image-preview:large, max-video-preview:-1" />
<link rel="canonical" href="https://negocios.udd.cl/cies/persona/carlos-smith-c/" />
<meta property="og:locale" content="es_ES" />
<meta property="og:type" content="article" />
<meta property="og:title" content="Carlos Smith C. - CIES FEN UDD" />
<meta property="og:url" content="https://negocios.udd.cl/cies/persona/carlos-smith-c/" />
<meta property="og:site_name" content="CIES FEN UDD" />
<meta property="article:modified_time" content="2024-01-18T16:33:06+00:00" />
<meta property="og:image" content="https://negocios.udd.cl/cies/files/2024/01/dsc1511-scaled.jpg" />
	<meta property="og:image:width" content="1707" />
	<meta property="og:image:height" content="2560" />
	<meta property="og:image:type" content="image/jpeg" />
<meta name="twitter:card" content="summary_large_image" />
<script type="application/ld+json" class="yoast-schema-graph">{"@context":"https://schema.org","@graph":[{"@type":"WebPage","@id":"https://negocios.udd.cl/cies/persona/carlos-smith-c/","url":"https://negocios.udd.cl/cies/persona/carlos-smith-c/","name":"Carlos Smith C. - CIES FEN UDD","isPartOf":{"@id":"https://negocios.udd.cl/cies/#website"},"primaryImageOfPage":{"@id":"https://negocios.udd.cl/cies/persona/carlos-smith-c/#primaryimage"},"image":{"@id":"https://negocios.udd.cl/cies/persona/carlos-smith-c/#primaryimage"},"thumbnailUrl":"https://negocios.udd.cl/cies/files/2024/01/dsc1511-scaled.jpg","datePublished":"2024-01-18T16:25:39+00:00","dateModified":"2024-01-18T16:33:06+00:00","breadcrumb":{"@id":"https://negocios.udd.cl/cies/persona/carlos-smith-c/#breadcrumb"},"inLanguage":"es","potentialAction":[{"@type":"ReadAction","target":["https://negocios.udd.cl/cies/persona/carlos-smith-c/"]}]},{"@type":"ImageObject","inLanguage":"es","@id":"https://negocios.udd.cl/cies/persona/carlos-smith-c/#primaryimage","url":"https://negocios.udd.cl/cies/files/2024/01/dsc1511-scaled.jpg","contentUrl":"https://negocios.udd.cl/cies/files/2024/01/dsc1511-scaled.jpg","width":1707,"height":2560},{"@type":"BreadcrumbList","@id":"https://negocios.udd.cl/cies/persona/carlos-smith-c/#breadcrumb","itemListElement":[{"@type":"ListItem","position":1,"name":"Portada","item":"https://negocios.udd.cl/cies/"},{"@type":"ListItem","position":2,"name":"Personas","item":"https://negocios.udd.cl/cies/persona/"},{"@type":"ListItem","position":3,"name":"Carlos Smith C."}]},{"@type":"WebSite","@id":"https://negocios.udd.cl/cies/#website","url":"https://negocios.udd.cl/cies/","name":"CIES FEN UDD","description":"Otro sitio más de Economia","inLanguage":"es"}]}</script>
<!-- / Yoast SEO plugin. -->

Otro sitio más de Economia

Profesor e investigador FEN UDD | Magíster en Economía Aplicada a Políticas Públicas, Universidad Alberto Hurtado

<div class="person-modal person-modal--scl">
<header class="person-modal__header">
<div class="person-modal__bg"></div>
<div class="modal-container">
<div class="person-modal__media">
				<img decoding="async" width="500" height="500" src="https://negocios.udd.cl/cies/files/2024/01/dsc1511-62x62.jpg" class="person-modal__image wp-post-image lazyload" alt="" loading="lazy" data-src="https://negocios.udd.cl/cies/files/2024/01/dsc1511-500x500.jpg" data-srcset="https://negocios.udd.cl/cies/files/2024/01/dsc1511-500x500.jpg 500w, https://negocios.udd.cl/cies/files/2024/01/dsc1511-150x150.jpg 150w, https://negocios.udd.cl/cies/files/2024/01/dsc1511-62x62.jpg 62w, https://negocios.udd.cl/cies/files/2024/01/dsc1511-750x750.jpg 750w, https://negocios.udd.cl/cies/files/2024/01/dsc1511-250x250.jpg 250w, https://negocios.udd.cl/cies/files/2024/01/dsc1511-126x126.jpg 126w" />			</div>
<div class="person-modal__data">
<h1 class="person-modal__name">Carlos Smith C.</h1>
<p>							<span class="person-modal__description">Profesor e investigador FEN UDD | Magíster en Economía Aplicada a Políticas Públicas, Universidad Alberto Hurtado</span>
															</div>
</p></div>
</header>
<div class="modal-container">
<div class="person-modal__content text">
<ul>
<li>Magíster en Economía Aplicada a Políticas Públicas, Universidad Alberto Hurtado, Chile</li>
<li>Ingeniero Comercial, Universidad del Desarrollo, Chile</li>
</ul></div>
</p></div>
</div>
