{"id":27,"date":"2016-08-30T20:27:33","date_gmt":"2016-08-30T20:27:33","guid":{"rendered":"http:\/\/psicologia.udd.cl\/doctorado\/?page_id=27"},"modified":"2016-08-30T20:27:33","modified_gmt":"2016-08-30T20:27:33","slug":"aranceles-y-becas","status":"publish","type":"page","link":"https:\/\/negocios.udd.cl\/doctorado\/admision\/aranceles-y-becas\/","title":{"rendered":"Aranceles y Becas"},"content":{"rendered":"<p style=\"text-align: justify\"><strong>Costo del Programa<\/strong><\/p>\n<p style=\"text-align: justify\">Arancel: $20.000.000 (8 semestres)<\/p>\n<p style=\"text-align: justify\">Matr\u00edcula: $ 500.000.<\/p>\n<p style=\"text-align: justify\"><strong>Becas<\/strong><\/p>\n<p>Los alumnos aceptados en el Doctorado en Econom\u00eda de Negocios deben postular a las\u00a0<a href=\"https:\/\/www.conicyt.cl\/becasconicyt\/2019\/09\/12\/becas-de-doctorado-nacional-ano-academico-2020\/#tab-01\">Becas de doctorado nacional, a\u00f1o acad\u00e9mico 2021 ANID<\/a>.\u00a0Adicionalmente, para aquellos alumnos que no obtienen beca ANID la Universidad del Desarrollo dispone de becas para estipendio mensual, beca almuerzo y pago del programa. La postulaci\u00f3n a la beca ANID es requisito para el ingreso al programa.<\/p>\n<p><strong>\u2013 Beca ANID: <\/strong>quienes ingresen al programa con la\u00a0<a href=\"https:\/\/www.conicyt.cl\/becasconicyt\/\" target=\"_blank\" rel=\"noopener noreferrer\">Beca de Doctorado Nacional de ANID\u00a0<\/a>(que brinda arancel, matr\u00edcula y manutenci\u00f3n) recibir\u00e1n una beca complementaria de manutenci\u00f3n mensual UDD,\u00a0m\u00e1s un vale de almuerzo\u00a0en las dependencias de la universidad, que se agrega a los beneficios entregados por ANID.<\/p>\n<p><strong>\u2013 Beca de Excelencia Doctorados UDD<\/strong><strong>:<\/strong>\u00a0consiste\u00a0en liberaci\u00f3n de matricula, arancel , beca de manutenci\u00f3n mensual de $1.129.000 y vale de almuerzo en las dependencias de la universidad [1].<\/p>\n<div><\/div>\n<div>Como contraparte al estipendio mensual, el alumno deber\u00e1 prestar servicios como ayudante de investigaci\u00f3n, docencia de pregrado, ayudante de cursos de pre y postgrado, entre otros.<\/div>\n<p style=\"text-align: justify\">La ayuda mensual es por la duraci\u00f3n del programa doctoral (8 semestres) y su renovaci\u00f3n anual est\u00e1 sujeta a buen desempe\u00f1o acad\u00e9mico.<\/p>\n<p style=\"text-align: justify\"><a href=\"#_ftnref1\" name=\"_ftn1\">[1]<\/a> Si el alumno posee otros fondos de mantenci\u00f3n, la UDD bajar\u00e1 el monto del estipendio de tal forma de alcanzar el monto se\u00f1alado anteriormente.<\/p>\n<p>&nbsp;<\/p>\n","protected":false},"excerpt":{"rendered":"<p>Costo del Programa Arancel: $20.000.000 (8 semestres) Matr\u00edcula: $ 500.000. Becas Los alumnos aceptados en el Doctorado en Econom\u00eda de Negocios deben postular a las\u00a0Becas de doctorado nacional, a\u00f1o acad\u00e9mico 2021 ANID.\u00a0Adicionalmente, para aquellos alumnos que no obtienen beca ANID la Universidad del Desarrollo dispone de becas para estipendio mensual, beca almuerzo y pago del [&hellip;]<\/p>\n","protected":false},"author":19,"featured_media":0,"parent":23,"menu_order":20,"comment_status":"closed","ping_status":"closed","template":"template-children-tabs.php","meta":{"footnotes":""},"class_list":["post-27","page","type-page","status-publish","hentry"],"yoast_head":"<!-- This site is optimized with the Yoast SEO plugin v26.9 - https:\/\/yoast.com\/product\/yoast-seo-wordpress\/ -->\n<title>Aranceles y Becas - Doctorado en Econom\u00eda de Negocios (Ph.D. in Business Economics)<\/title>\n<meta name=\"robots\" content=\"index, follow, max-snippet:-1, max-image-preview:large, max-video-preview:-1\" \/>\n<link rel=\"canonical\" href=\"https:\/\/negocios.udd.cl\/doctorado\/admision\/aranceles-y-becas\/\" \/>\n<meta property=\"og:locale\" content=\"es_ES\" \/>\n<meta property=\"og:type\" content=\"article\" \/>\n<meta property=\"og:title\" content=\"Aranceles y Becas - Doctorado en Econom\u00eda de Negocios (Ph.D. in Business Economics)\" \/>\n<meta property=\"og:description\" content=\"Costo del Programa Arancel: $20.000.000 (8 semestres) Matr\u00edcula: $ 500.000. Becas Los alumnos aceptados en el Doctorado en Econom\u00eda de Negocios deben postular a las\u00a0Becas de doctorado nacional, a\u00f1o acad\u00e9mico 2021 ANID.\u00a0Adicionalmente, para aquellos alumnos que no obtienen beca ANID la Universidad del Desarrollo dispone de becas para estipendio mensual, beca almuerzo y pago del [&hellip;]\" \/>\n<meta property=\"og:url\" content=\"https:\/\/negocios.udd.cl\/doctorado\/admision\/aranceles-y-becas\/\" \/>\n<meta property=\"og:site_name\" content=\"Doctorado en Econom\u00eda de Negocios (Ph.D. in Business Economics)\" \/>\n<meta name=\"twitter:card\" content=\"summary_large_image\" \/>\n<meta name=\"twitter:label1\" content=\"Tiempo de lectura\" \/>\n\t<meta name=\"twitter:data1\" content=\"1 minuto\" \/>\n<script type=\"application\/ld+json\" class=\"yoast-schema-graph\">{\"@context\":\"https:\/\/schema.org\",\"@graph\":[{\"@type\":\"WebPage\",\"@id\":\"https:\/\/negocios.udd.cl\/doctorado\/admision\/aranceles-y-becas\/\",\"url\":\"https:\/\/negocios.udd.cl\/doctorado\/admision\/aranceles-y-becas\/\",\"name\":\"Aranceles y Becas - Doctorado en Econom\u00eda de Negocios (Ph.D. in Business Economics)\",\"isPartOf\":{\"@id\":\"https:\/\/negocios.udd.cl\/doctorado\/#website\"},\"datePublished\":\"2016-08-30T20:27:33+00:00\",\"breadcrumb\":{\"@id\":\"https:\/\/negocios.udd.cl\/doctorado\/admision\/aranceles-y-becas\/#breadcrumb\"},\"inLanguage\":\"es\",\"potentialAction\":[{\"@type\":\"ReadAction\",\"target\":[\"https:\/\/negocios.udd.cl\/doctorado\/admision\/aranceles-y-becas\/\"]}]},{\"@type\":\"BreadcrumbList\",\"@id\":\"https:\/\/negocios.udd.cl\/doctorado\/admision\/aranceles-y-becas\/#breadcrumb\",\"itemListElement\":[{\"@type\":\"ListItem\",\"position\":1,\"name\":\"Portada\",\"item\":\"https:\/\/negocios.udd.cl\/doctorado\/\"},{\"@type\":\"ListItem\",\"position\":2,\"name\":\"Admisi\u00f3n\",\"item\":\"https:\/\/negocios.udd.cl\/doctorado\/admision\/\"},{\"@type\":\"ListItem\",\"position\":3,\"name\":\"Aranceles y Becas\"}]},{\"@type\":\"WebSite\",\"@id\":\"https:\/\/negocios.udd.cl\/doctorado\/#website\",\"url\":\"https:\/\/negocios.udd.cl\/doctorado\/\",\"name\":\"Doctorado en Econom\u00eda de Negocios (Ph.D. in Business Economics)\",\"description\":\"Universidad del Desarrollo\",\"inLanguage\":\"es\"}]}<\/script>\n<!-- \/ Yoast SEO plugin. -->","yoast_head_json":{"title":"Aranceles y Becas - Doctorado en Econom\u00eda de Negocios (Ph.D. in Business Economics)","robots":{"index":"index","follow":"follow","max-snippet":"max-snippet:-1","max-image-preview":"max-image-preview:large","max-video-preview":"max-video-preview:-1"},"canonical":"https:\/\/negocios.udd.cl\/doctorado\/admision\/aranceles-y-becas\/","og_locale":"es_ES","og_type":"article","og_title":"Aranceles y Becas - Doctorado en Econom\u00eda de Negocios (Ph.D. in Business Economics)","og_description":"Costo del Programa Arancel: $20.000.000 (8 semestres) Matr\u00edcula: $ 500.000. Becas Los alumnos aceptados en el Doctorado en Econom\u00eda de Negocios deben postular a las\u00a0Becas de doctorado nacional, a\u00f1o acad\u00e9mico 2021 ANID.\u00a0Adicionalmente, para aquellos alumnos que no obtienen beca ANID la Universidad del Desarrollo dispone de becas para estipendio mensual, beca almuerzo y pago del [&hellip;]","og_url":"https:\/\/negocios.udd.cl\/doctorado\/admision\/aranceles-y-becas\/","og_site_name":"Doctorado en Econom\u00eda de Negocios (Ph.D. in Business Economics)","twitter_card":"summary_large_image","twitter_misc":{"Tiempo de lectura":"1 minuto"},"schema":{"@context":"https:\/\/schema.org","@graph":[{"@type":"WebPage","@id":"https:\/\/negocios.udd.cl\/doctorado\/admision\/aranceles-y-becas\/","url":"https:\/\/negocios.udd.cl\/doctorado\/admision\/aranceles-y-becas\/","name":"Aranceles y Becas - Doctorado en Econom\u00eda de Negocios (Ph.D. in Business Economics)","isPartOf":{"@id":"https:\/\/negocios.udd.cl\/doctorado\/#website"},"datePublished":"2016-08-30T20:27:33+00:00","breadcrumb":{"@id":"https:\/\/negocios.udd.cl\/doctorado\/admision\/aranceles-y-becas\/#breadcrumb"},"inLanguage":"es","potentialAction":[{"@type":"ReadAction","target":["https:\/\/negocios.udd.cl\/doctorado\/admision\/aranceles-y-becas\/"]}]},{"@type":"BreadcrumbList","@id":"https:\/\/negocios.udd.cl\/doctorado\/admision\/aranceles-y-becas\/#breadcrumb","itemListElement":[{"@type":"ListItem","position":1,"name":"Portada","item":"https:\/\/negocios.udd.cl\/doctorado\/"},{"@type":"ListItem","position":2,"name":"Admisi\u00f3n","item":"https:\/\/negocios.udd.cl\/doctorado\/admision\/"},{"@type":"ListItem","position":3,"name":"Aranceles y Becas"}]},{"@type":"WebSite","@id":"https:\/\/negocios.udd.cl\/doctorado\/#website","url":"https:\/\/negocios.udd.cl\/doctorado\/","name":"Doctorado en Econom\u00eda de Negocios (Ph.D. in Business Economics)","description":"Universidad del Desarrollo","inLanguage":"es"}]}},"_links":{"self":[{"href":"https:\/\/negocios.udd.cl\/doctorado\/wp-json\/wp\/v2\/pages\/27","targetHints":{"allow":["GET"]}}],"collection":[{"href":"https:\/\/negocios.udd.cl\/doctorado\/wp-json\/wp\/v2\/pages"}],"about":[{"href":"https:\/\/negocios.udd.cl\/doctorado\/wp-json\/wp\/v2\/types\/page"}],"author":[{"embeddable":true,"href":"https:\/\/negocios.udd.cl\/doctorado\/wp-json\/wp\/v2\/users\/19"}],"replies":[{"embeddable":true,"href":"https:\/\/negocios.udd.cl\/doctorado\/wp-json\/wp\/v2\/comments?post=27"}],"version-history":[{"count":0,"href":"https:\/\/negocios.udd.cl\/doctorado\/wp-json\/wp\/v2\/pages\/27\/revisions"}],"up":[{"embeddable":true,"href":"https:\/\/negocios.udd.cl\/doctorado\/wp-json\/wp\/v2\/pages\/23"}],"wp:attachment":[{"href":"https:\/\/negocios.udd.cl\/doctorado\/wp-json\/wp\/v2\/media?parent=27"}],"curies":[{"name":"wp","href":"https:\/\/api.w.org\/{rel}","templated":true}]}}