{"id":7,"date":"2010-11-11T16:01:54","date_gmt":"2010-11-11T19:01:54","guid":{"rendered":"http:\/\/negocios.udd.cl\/negocios.udd.clgemchile\/sobre-el-centro\/"},"modified":"2014-11-18T10:03:49","modified_gmt":"2014-11-18T13:03:49","slug":"quienes-somos","status":"publish","type":"page","link":"https:\/\/negocios.udd.cl\/gemchile\/quienes-somos\/","title":{"rendered":"Qui\u00e9nes somos"},"content":{"rendered":"<p>El Proyecto Global Entrepreneurship Monitor, GEM, es una iniciativa a nivel internacional para establecer la medici\u00f3n y caracterizaci\u00f3n de la actividad emprendedora en diferentes pa\u00edses. Chile se asoci\u00f3 al estudio el a\u00f1o 2002, y la Universidad del Desarrollo es la instituci\u00f3n que representa al pa\u00eds en el consorcio GEM.<\/p>\n<p style=\"text-align: justify\"><a href=\"http:\/\/negocios.udd.cl\/gemchile\/files\/2010\/11\/header-GEM.png\"><img loading=\"lazy\" decoding=\"async\" class=\"wp-image-1533 alignnone\" alt=\"header-GEM\" src=\"http:\/\/negocios.udd.cl\/gemchile\/files\/2010\/11\/header-GEM.png\" width=\"650\" height=\"253\" srcset=\"https:\/\/negocios.udd.cl\/gemchile\/files\/2010\/11\/header-GEM.png 650w, https:\/\/negocios.udd.cl\/gemchile\/files\/2010\/11\/header-GEM-300x116.png 300w\" sizes=\"auto, (max-width: 650px) 100vw, 650px\" \/><\/a><\/p>\n","protected":false},"excerpt":{"rendered":"<p>El Proyecto Global Entrepreneurship Monitor, GEM, es una iniciativa a nivel internacional para establecer la medici\u00f3n y caracterizaci\u00f3n de la actividad emprendedora en diferentes pa\u00edses. Chile se asoci\u00f3 al estudio el a\u00f1o 2002, y la Universidad del Desarrollo es la instituci\u00f3n que representa al pa\u00eds en el consorcio GEM.<\/p>\n","protected":false},"author":1,"featured_media":0,"parent":0,"menu_order":1,"comment_status":"open","ping_status":"open","template":"template-wide-content.php","meta":{"footnotes":""},"class_list":["post-7","page","type-page","status-publish","hentry"],"yoast_head":"<!-- This site is optimized with the Yoast SEO plugin v26.9 - https:\/\/yoast.com\/product\/yoast-seo-wordpress\/ -->\n<title>Qui\u00e9nes somos - Global Entrepreneurship Monitor Chile<\/title>\n<meta name=\"robots\" content=\"index, follow, max-snippet:-1, max-image-preview:large, max-video-preview:-1\" \/>\n<link rel=\"canonical\" href=\"https:\/\/negocios.udd.cl\/gemchile\/quienes-somos\/\" \/>\n<meta property=\"og:locale\" content=\"es_ES\" \/>\n<meta property=\"og:type\" content=\"article\" \/>\n<meta property=\"og:title\" content=\"Qui\u00e9nes somos - Global Entrepreneurship Monitor Chile\" \/>\n<meta property=\"og:description\" content=\"El Proyecto Global Entrepreneurship Monitor, GEM, es una iniciativa a nivel internacional para establecer la medici\u00f3n y caracterizaci\u00f3n de la actividad emprendedora en diferentes pa\u00edses. Chile se asoci\u00f3 al estudio el a\u00f1o 2002, y la Universidad del Desarrollo es la instituci\u00f3n que representa al pa\u00eds en el consorcio GEM.\" \/>\n<meta property=\"og:url\" content=\"https:\/\/negocios.udd.cl\/gemchile\/quienes-somos\/\" \/>\n<meta property=\"og:site_name\" content=\"Global Entrepreneurship Monitor Chile\" \/>\n<meta property=\"article:modified_time\" content=\"2014-11-18T13:03:49+00:00\" \/>\n<meta property=\"og:image\" content=\"http:\/\/negocios.udd.cl\/gemchile\/files\/2010\/11\/header-GEM.png\" \/>\n<script type=\"application\/ld+json\" class=\"yoast-schema-graph\">{\"@context\":\"https:\/\/schema.org\",\"@graph\":[{\"@type\":\"WebPage\",\"@id\":\"https:\/\/negocios.udd.cl\/gemchile\/quienes-somos\/\",\"url\":\"https:\/\/negocios.udd.cl\/gemchile\/quienes-somos\/\",\"name\":\"Qui\u00e9nes somos - Global Entrepreneurship Monitor Chile\",\"isPartOf\":{\"@id\":\"https:\/\/negocios.udd.cl\/gemchile\/#website\"},\"primaryImageOfPage\":{\"@id\":\"https:\/\/negocios.udd.cl\/gemchile\/quienes-somos\/#primaryimage\"},\"image\":{\"@id\":\"https:\/\/negocios.udd.cl\/gemchile\/quienes-somos\/#primaryimage\"},\"thumbnailUrl\":\"http:\/\/negocios.udd.cl\/gemchile\/files\/2010\/11\/header-GEM.png\",\"datePublished\":\"2010-11-11T19:01:54+00:00\",\"dateModified\":\"2014-11-18T13:03:49+00:00\",\"breadcrumb\":{\"@id\":\"https:\/\/negocios.udd.cl\/gemchile\/quienes-somos\/#breadcrumb\"},\"inLanguage\":\"es\",\"potentialAction\":[{\"@type\":\"ReadAction\",\"target\":[\"https:\/\/negocios.udd.cl\/gemchile\/quienes-somos\/\"]}]},{\"@type\":\"ImageObject\",\"inLanguage\":\"es\",\"@id\":\"https:\/\/negocios.udd.cl\/gemchile\/quienes-somos\/#primaryimage\",\"url\":\"https:\/\/negocios.udd.cl\/gemchile\/files\/2010\/11\/header-GEM.png\",\"contentUrl\":\"https:\/\/negocios.udd.cl\/gemchile\/files\/2010\/11\/header-GEM.png\",\"width\":650,\"height\":253},{\"@type\":\"BreadcrumbList\",\"@id\":\"https:\/\/negocios.udd.cl\/gemchile\/quienes-somos\/#breadcrumb\",\"itemListElement\":[{\"@type\":\"ListItem\",\"position\":1,\"name\":\"Home\",\"item\":\"https:\/\/negocios.udd.cl\/gemchile\/\"},{\"@type\":\"ListItem\",\"position\":2,\"name\":\"Qui\u00e9nes somos\"}]},{\"@type\":\"WebSite\",\"@id\":\"https:\/\/negocios.udd.cl\/gemchile\/#website\",\"url\":\"https:\/\/negocios.udd.cl\/gemchile\/\",\"name\":\"Global Entrepreneurship Monitor Chile\",\"description\":\"\",\"potentialAction\":[{\"@type\":\"SearchAction\",\"target\":{\"@type\":\"EntryPoint\",\"urlTemplate\":\"https:\/\/negocios.udd.cl\/gemchile\/?s={search_term_string}\"},\"query-input\":{\"@type\":\"PropertyValueSpecification\",\"valueRequired\":true,\"valueName\":\"search_term_string\"}}],\"inLanguage\":\"es\"}]}<\/script>\n<!-- \/ Yoast SEO plugin. -->","yoast_head_json":{"title":"Qui\u00e9nes somos - Global Entrepreneurship Monitor Chile","robots":{"index":"index","follow":"follow","max-snippet":"max-snippet:-1","max-image-preview":"max-image-preview:large","max-video-preview":"max-video-preview:-1"},"canonical":"https:\/\/negocios.udd.cl\/gemchile\/quienes-somos\/","og_locale":"es_ES","og_type":"article","og_title":"Qui\u00e9nes somos - Global Entrepreneurship Monitor Chile","og_description":"El Proyecto Global Entrepreneurship Monitor, GEM, es una iniciativa a nivel internacional para establecer la medici\u00f3n y caracterizaci\u00f3n de la actividad emprendedora en diferentes pa\u00edses. Chile se asoci\u00f3 al estudio el a\u00f1o 2002, y la Universidad del Desarrollo es la instituci\u00f3n que representa al pa\u00eds en el consorcio GEM.","og_url":"https:\/\/negocios.udd.cl\/gemchile\/quienes-somos\/","og_site_name":"Global Entrepreneurship Monitor Chile","article_modified_time":"2014-11-18T13:03:49+00:00","og_image":[{"url":"http:\/\/negocios.udd.cl\/gemchile\/files\/2010\/11\/header-GEM.png","type":"","width":"","height":""}],"schema":{"@context":"https:\/\/schema.org","@graph":[{"@type":"WebPage","@id":"https:\/\/negocios.udd.cl\/gemchile\/quienes-somos\/","url":"https:\/\/negocios.udd.cl\/gemchile\/quienes-somos\/","name":"Qui\u00e9nes somos - Global Entrepreneurship Monitor Chile","isPartOf":{"@id":"https:\/\/negocios.udd.cl\/gemchile\/#website"},"primaryImageOfPage":{"@id":"https:\/\/negocios.udd.cl\/gemchile\/quienes-somos\/#primaryimage"},"image":{"@id":"https:\/\/negocios.udd.cl\/gemchile\/quienes-somos\/#primaryimage"},"thumbnailUrl":"http:\/\/negocios.udd.cl\/gemchile\/files\/2010\/11\/header-GEM.png","datePublished":"2010-11-11T19:01:54+00:00","dateModified":"2014-11-18T13:03:49+00:00","breadcrumb":{"@id":"https:\/\/negocios.udd.cl\/gemchile\/quienes-somos\/#breadcrumb"},"inLanguage":"es","potentialAction":[{"@type":"ReadAction","target":["https:\/\/negocios.udd.cl\/gemchile\/quienes-somos\/"]}]},{"@type":"ImageObject","inLanguage":"es","@id":"https:\/\/negocios.udd.cl\/gemchile\/quienes-somos\/#primaryimage","url":"https:\/\/negocios.udd.cl\/gemchile\/files\/2010\/11\/header-GEM.png","contentUrl":"https:\/\/negocios.udd.cl\/gemchile\/files\/2010\/11\/header-GEM.png","width":650,"height":253},{"@type":"BreadcrumbList","@id":"https:\/\/negocios.udd.cl\/gemchile\/quienes-somos\/#breadcrumb","itemListElement":[{"@type":"ListItem","position":1,"name":"Home","item":"https:\/\/negocios.udd.cl\/gemchile\/"},{"@type":"ListItem","position":2,"name":"Qui\u00e9nes somos"}]},{"@type":"WebSite","@id":"https:\/\/negocios.udd.cl\/gemchile\/#website","url":"https:\/\/negocios.udd.cl\/gemchile\/","name":"Global Entrepreneurship Monitor Chile","description":"","potentialAction":[{"@type":"SearchAction","target":{"@type":"EntryPoint","urlTemplate":"https:\/\/negocios.udd.cl\/gemchile\/?s={search_term_string}"},"query-input":{"@type":"PropertyValueSpecification","valueRequired":true,"valueName":"search_term_string"}}],"inLanguage":"es"}]}},"_links":{"self":[{"href":"https:\/\/negocios.udd.cl\/gemchile\/wp-json\/wp\/v2\/pages\/7","targetHints":{"allow":["GET"]}}],"collection":[{"href":"https:\/\/negocios.udd.cl\/gemchile\/wp-json\/wp\/v2\/pages"}],"about":[{"href":"https:\/\/negocios.udd.cl\/gemchile\/wp-json\/wp\/v2\/types\/page"}],"author":[{"embeddable":true,"href":"https:\/\/negocios.udd.cl\/gemchile\/wp-json\/wp\/v2\/users\/1"}],"replies":[{"embeddable":true,"href":"https:\/\/negocios.udd.cl\/gemchile\/wp-json\/wp\/v2\/comments?post=7"}],"version-history":[{"count":18,"href":"https:\/\/negocios.udd.cl\/gemchile\/wp-json\/wp\/v2\/pages\/7\/revisions"}],"predecessor-version":[{"id":1530,"href":"https:\/\/negocios.udd.cl\/gemchile\/wp-json\/wp\/v2\/pages\/7\/revisions\/1530"}],"wp:attachment":[{"href":"https:\/\/negocios.udd.cl\/gemchile\/wp-json\/wp\/v2\/media?parent=7"}],"curies":[{"name":"wp","href":"https:\/\/api.w.org\/{rel}","templated":true}]}}